{"id":123,"date":"2019-05-23T08:53:11","date_gmt":"2019-05-23T08:53:11","guid":{"rendered":"https:\/\/torten-service-tollkuehn.de\/?page_id=123"},"modified":"2019-05-23T16:06:57","modified_gmt":"2019-05-23T16:06:57","slug":"3d-torten","status":"publish","type":"page","link":"https:\/\/www.torten-service-tollkuehn.de\/?page_id=123","title":{"rendered":"3D &#8211; Torten"},"content":{"rendered":"\t\t<div data-elementor-type=\"wp-post\" data-elementor-id=\"123\" class=\"elementor elementor-123\">\n\t\t\t\t\t\t<section class=\"elementor-section elementor-top-section elementor-element elementor-element-fe464b7 elementor-section-boxed elementor-section-height-default elementor-section-height-default\" data-id=\"fe464b7\" data-element_type=\"section\" data-e-type=\"section\">\n\t\t\t\t\t\t<div class=\"elementor-container elementor-column-gap-default\">\n\t\t\t\t\t<div class=\"elementor-column elementor-col-100 elementor-top-column elementor-element elementor-element-0ccd6f7\" data-id=\"0ccd6f7\" data-element_type=\"column\" data-e-type=\"column\">\n\t\t\t<div class=\"elementor-widget-wrap elementor-element-populated\">\n\t\t\t\t\t\t<div class=\"elementor-element elementor-element-4a997f7 elementor-widget-divider--view-line elementor-widget elementor-widget-divider\" data-id=\"4a997f7\" data-element_type=\"widget\" data-e-type=\"widget\" data-widget_type=\"divider.default\">\n\t\t\t\t<div class=\"elementor-widget-container\">\n\t\t\t\t\t\t\t<div class=\"elementor-divider\">\n\t\t\t<span class=\"elementor-divider-separator\">\n\t\t\t\t\t\t<\/span>\n\t\t<\/div>\n\t\t\t\t\t\t<\/div>\n\t\t\t\t<\/div>\n\t\t\t\t\t<\/div>\n\t\t<\/div>\n\t\t\t\t\t<\/div>\n\t\t<\/section>\n\t\t\t\t<section class=\"elementor-section elementor-top-section elementor-element elementor-element-6a91fd3b elementor-section-boxed elementor-section-height-default elementor-section-height-default\" data-id=\"6a91fd3b\" data-element_type=\"section\" data-e-type=\"section\">\n\t\t\t\t\t\t<div class=\"elementor-container elementor-column-gap-default\">\n\t\t\t\t\t<div class=\"elementor-column elementor-col-100 elementor-top-column elementor-element elementor-element-10489a86\" data-id=\"10489a86\" data-element_type=\"column\" data-e-type=\"column\">\n\t\t\t<div class=\"elementor-widget-wrap elementor-element-populated\">\n\t\t\t\t\t\t<div class=\"elementor-element elementor-element-560bdc54 elementor-widget elementor-widget-text-editor\" data-id=\"560bdc54\" data-element_type=\"widget\" data-e-type=\"widget\" data-widget_type=\"text-editor.default\">\n\t\t\t\t<div class=\"elementor-widget-container\">\n\t\t\t\t\t\t\t\t\t\n<p>\n\nDer Hingucker auf jeder Feier \u2013 unsere dreidimensional gestalteten K\u00f6stlichkeiten. Ob s\u00fc\u00dfe Autos oder fruchtige Tiermotive, der Fantasie sind hier keine Grenzen gesetzt und wir setzen alles daran, ihrem Wunsch so nah wie m\u00f6glich zu kommen.&nbsp;\n\n<\/p>\n\t\t\t\t\t\t\t\t<\/div>\n\t\t\t\t<\/div>\n\t\t\t\t\t<\/div>\n\t\t<\/div>\n\t\t\t\t\t<\/div>\n\t\t<\/section>\n\t\t\t\t<section class=\"elementor-section elementor-top-section elementor-element elementor-element-9d0846e elementor-section-boxed elementor-section-height-default elementor-section-height-default\" data-id=\"9d0846e\" data-element_type=\"section\" data-e-type=\"section\">\n\t\t\t\t\t\t<div class=\"elementor-container elementor-column-gap-default\">\n\t\t\t\t\t<div class=\"elementor-column elementor-col-100 elementor-top-column elementor-element elementor-element-71de3ab\" data-id=\"71de3ab\" data-element_type=\"column\" data-e-type=\"column\">\n\t\t\t<div class=\"elementor-widget-wrap elementor-element-populated\">\n\t\t\t\t\t\t<div class=\"elementor-element elementor-element-f80a9c2 elementor-widget elementor-widget-wp-widget-foogallery_widget\" data-id=\"f80a9c2\" data-element_type=\"widget\" data-e-type=\"widget\" data-widget_type=\"wp-widget-foogallery_widget.default\">\n\t\t\t\t<div class=\"elementor-widget-container\">\n\t\t\t\t\t<style type=\"text\/css\">\n#foogallery-gallery-72.fg-masonry .fg-item { width: 230px; }\n#foogallery-gallery-72.fg-masonry { --fg-gutter: 10px; }<\/style>\n\t\t\t<div class=\"foogallery foogallery-container foogallery-masonry foogallery-lightbox-foobox fg-center fg-masonry fg-ready fg-light fg-border-medium fg-loaded-fade-in fg-hover-colorize fg-hover-scale fg-hover-fade fg-fixed\" id=\"foogallery-gallery-72\" data-foogallery=\"{&quot;item&quot;:{&quot;showCaptionTitle&quot;:false,&quot;showCaptionDescription&quot;:false},&quot;lazy&quot;:true,&quot;template&quot;:{&quot;columnWidth&quot;:230,&quot;gutter&quot;:10}}\" style=\"--fg-title-line-clamp: 0; --fg-description-line-clamp: 0;\" >\n\t\t<div class=\"fg-item fg-type-image fg-idle\"><figure class=\"fg-item-inner\"><a href=\"https:\/\/www.torten-service-tollkuehn.de\/wp-content\/uploads\/2019\/05\/014-2.jpg-2.jpg\" data-attachment-id=\"228\" data-type=\"image\" class=\"fg-thumb\"><span class=\"fg-image-wrap\"><img decoding=\"async\" width=\"230\" height=\"129\" class=\"skip-lazy fg-image\" data-src-fg=\"https:\/\/www.torten-service-tollkuehn.de\/wp-content\/uploads\/cache\/2019\/05\/014-2_jpg-2\/2012817602.jpg\" src=\"data:image\/svg+xml,%3Csvg%20xmlns%3D%22http%3A%2F%2Fwww.w3.org%2F2000%2Fsvg%22%20width%3D%22230%22%20height%3D%22129%22%20viewBox%3D%220%200%20230%20129%22%3E%3C%2Fsvg%3E\" loading=\"eager\"><\/span><span class=\"fg-image-overlay\"><\/span><\/a><\/figure><div class=\"fg-loader\"><\/div><\/div><div class=\"fg-item fg-type-image fg-idle\"><figure class=\"fg-item-inner\"><a href=\"https:\/\/www.torten-service-tollkuehn.de\/wp-content\/uploads\/2019\/05\/025-2.jpg-2.jpg\" data-attachment-id=\"229\" data-type=\"image\" class=\"fg-thumb\"><span class=\"fg-image-wrap\"><img decoding=\"async\" width=\"230\" height=\"129\" class=\"skip-lazy fg-image\" data-src-fg=\"https:\/\/www.torten-service-tollkuehn.de\/wp-content\/uploads\/cache\/2019\/05\/025-2_jpg-2\/2476914994.jpg\" src=\"data:image\/svg+xml,%3Csvg%20xmlns%3D%22http%3A%2F%2Fwww.w3.org%2F2000%2Fsvg%22%20width%3D%22230%22%20height%3D%22129%22%20viewBox%3D%220%200%20230%20129%22%3E%3C%2Fsvg%3E\" loading=\"eager\"><\/span><span class=\"fg-image-overlay\"><\/span><\/a><\/figure><div class=\"fg-loader\"><\/div><\/div><div class=\"fg-item fg-type-image fg-idle\"><figure class=\"fg-item-inner\"><a href=\"https:\/\/www.torten-service-tollkuehn.de\/wp-content\/uploads\/2019\/05\/026-1.jpg-1.jpg\" data-attachment-id=\"230\" data-type=\"image\" class=\"fg-thumb\"><span class=\"fg-image-wrap\"><img decoding=\"async\" width=\"230\" height=\"129\" class=\"skip-lazy fg-image\" data-src-fg=\"https:\/\/www.torten-service-tollkuehn.de\/wp-content\/uploads\/cache\/2019\/05\/026-1_jpg-1\/1277039769.jpg\" src=\"data:image\/svg+xml,%3Csvg%20xmlns%3D%22http%3A%2F%2Fwww.w3.org%2F2000%2Fsvg%22%20width%3D%22230%22%20height%3D%22129%22%20viewBox%3D%220%200%20230%20129%22%3E%3C%2Fsvg%3E\" loading=\"eager\"><\/span><span class=\"fg-image-overlay\"><\/span><\/a><\/figure><div class=\"fg-loader\"><\/div><\/div><div class=\"fg-item fg-type-image fg-idle\"><figure class=\"fg-item-inner\"><a href=\"https:\/\/www.torten-service-tollkuehn.de\/wp-content\/uploads\/2019\/05\/034-1.jpg-1.jpg\" data-attachment-id=\"231\" data-type=\"image\" class=\"fg-thumb\"><span class=\"fg-image-wrap\"><img decoding=\"async\" width=\"230\" height=\"129\" class=\"skip-lazy fg-image\" data-src-fg=\"https:\/\/www.torten-service-tollkuehn.de\/wp-content\/uploads\/cache\/2019\/05\/034-1_jpg-1\/1437704540.jpg\" src=\"data:image\/svg+xml,%3Csvg%20xmlns%3D%22http%3A%2F%2Fwww.w3.org%2F2000%2Fsvg%22%20width%3D%22230%22%20height%3D%22129%22%20viewBox%3D%220%200%20230%20129%22%3E%3C%2Fsvg%3E\" loading=\"eager\"><\/span><span class=\"fg-image-overlay\"><\/span><\/a><\/figure><div class=\"fg-loader\"><\/div><\/div><div class=\"fg-item fg-type-image fg-idle\"><figure class=\"fg-item-inner\"><a href=\"https:\/\/www.torten-service-tollkuehn.de\/wp-content\/uploads\/2019\/05\/044-1.jpg-1.jpg\" data-attachment-id=\"232\" data-type=\"image\" class=\"fg-thumb\"><span class=\"fg-image-wrap\"><img decoding=\"async\" width=\"230\" height=\"129\" class=\"skip-lazy fg-image\" data-src-fg=\"https:\/\/www.torten-service-tollkuehn.de\/wp-content\/uploads\/cache\/2019\/05\/044-1_jpg-1\/1608003896.jpg\" src=\"data:image\/svg+xml,%3Csvg%20xmlns%3D%22http%3A%2F%2Fwww.w3.org%2F2000%2Fsvg%22%20width%3D%22230%22%20height%3D%22129%22%20viewBox%3D%220%200%20230%20129%22%3E%3C%2Fsvg%3E\" loading=\"eager\"><\/span><span class=\"fg-image-overlay\"><\/span><\/a><\/figure><div class=\"fg-loader\"><\/div><\/div><div class=\"fg-item fg-type-image fg-idle\"><figure class=\"fg-item-inner\"><a href=\"https:\/\/www.torten-service-tollkuehn.de\/wp-content\/uploads\/2019\/05\/052.jpg.jpg\" data-attachment-id=\"233\" data-type=\"image\" class=\"fg-thumb\"><span class=\"fg-image-wrap\"><img decoding=\"async\" width=\"230\" height=\"129\" class=\"skip-lazy fg-image\" data-src-fg=\"https:\/\/www.torten-service-tollkuehn.de\/wp-content\/uploads\/cache\/2019\/05\/052_jpg\/2350449242.jpg\" src=\"data:image\/svg+xml,%3Csvg%20xmlns%3D%22http%3A%2F%2Fwww.w3.org%2F2000%2Fsvg%22%20width%3D%22230%22%20height%3D%22129%22%20viewBox%3D%220%200%20230%20129%22%3E%3C%2Fsvg%3E\" loading=\"eager\"><\/span><span class=\"fg-image-overlay\"><\/span><\/a><\/figure><div class=\"fg-loader\"><\/div><\/div><div class=\"fg-item fg-type-image fg-idle\"><figure class=\"fg-item-inner\"><a href=\"https:\/\/www.torten-service-tollkuehn.de\/wp-content\/uploads\/2019\/05\/059-2.jpg-2.jpg\" data-attachment-id=\"234\" data-type=\"image\" class=\"fg-thumb\"><span class=\"fg-image-wrap\"><img decoding=\"async\" width=\"230\" height=\"129\" class=\"skip-lazy fg-image\" data-src-fg=\"https:\/\/www.torten-service-tollkuehn.de\/wp-content\/uploads\/cache\/2019\/05\/059-2_jpg-2\/1982677572.jpg\" src=\"data:image\/svg+xml,%3Csvg%20xmlns%3D%22http%3A%2F%2Fwww.w3.org%2F2000%2Fsvg%22%20width%3D%22230%22%20height%3D%22129%22%20viewBox%3D%220%200%20230%20129%22%3E%3C%2Fsvg%3E\" loading=\"eager\"><\/span><span class=\"fg-image-overlay\"><\/span><\/a><\/figure><div class=\"fg-loader\"><\/div><\/div><div class=\"fg-item fg-type-image fg-idle\"><figure class=\"fg-item-inner\"><a href=\"https:\/\/www.torten-service-tollkuehn.de\/wp-content\/uploads\/2019\/05\/062-2.jpg-2.jpg\" data-attachment-id=\"235\" data-type=\"image\" class=\"fg-thumb\"><span class=\"fg-image-wrap\"><img decoding=\"async\" width=\"230\" height=\"129\" class=\"skip-lazy fg-image\" data-src-fg=\"https:\/\/www.torten-service-tollkuehn.de\/wp-content\/uploads\/cache\/2019\/05\/062-2_jpg-2\/1724213656.jpg\" src=\"data:image\/svg+xml,%3Csvg%20xmlns%3D%22http%3A%2F%2Fwww.w3.org%2F2000%2Fsvg%22%20width%3D%22230%22%20height%3D%22129%22%20viewBox%3D%220%200%20230%20129%22%3E%3C%2Fsvg%3E\" loading=\"eager\"><\/span><span class=\"fg-image-overlay\"><\/span><\/a><\/figure><div class=\"fg-loader\"><\/div><\/div><div class=\"fg-item fg-type-image fg-idle\"><figure class=\"fg-item-inner\"><a href=\"https:\/\/www.torten-service-tollkuehn.de\/wp-content\/uploads\/2019\/05\/1723253_737701692931228_1354227779_n.jpg\" data-attachment-id=\"237\" data-type=\"image\" class=\"fg-thumb\"><span class=\"fg-image-wrap\"><img decoding=\"async\" width=\"230\" height=\"129\" class=\"skip-lazy fg-image\" data-src-fg=\"https:\/\/www.torten-service-tollkuehn.de\/wp-content\/uploads\/cache\/2019\/05\/1723253_737701692931228_1354227779_n\/2279346524.jpg\" src=\"data:image\/svg+xml,%3Csvg%20xmlns%3D%22http%3A%2F%2Fwww.w3.org%2F2000%2Fsvg%22%20width%3D%22230%22%20height%3D%22129%22%20viewBox%3D%220%200%20230%20129%22%3E%3C%2Fsvg%3E\" loading=\"eager\"><\/span><span class=\"fg-image-overlay\"><\/span><\/a><\/figure><div class=\"fg-loader\"><\/div><\/div><div class=\"fg-item fg-type-image fg-idle\"><figure class=\"fg-item-inner\"><a href=\"https:\/\/www.torten-service-tollkuehn.de\/wp-content\/uploads\/2019\/05\/10629427_880235675344495_660848790169563075_o.jpg\" data-attachment-id=\"239\" data-type=\"image\" class=\"fg-thumb\"><span class=\"fg-image-wrap\"><img decoding=\"async\" width=\"230\" height=\"173\" class=\"skip-lazy fg-image\" data-src-fg=\"https:\/\/www.torten-service-tollkuehn.de\/wp-content\/uploads\/cache\/2019\/05\/10629427_880235675344495_660848790169563075_o\/717984511.jpg\" src=\"data:image\/svg+xml,%3Csvg%20xmlns%3D%22http%3A%2F%2Fwww.w3.org%2F2000%2Fsvg%22%20width%3D%22230%22%20height%3D%22173%22%20viewBox%3D%220%200%20230%20173%22%3E%3C%2Fsvg%3E\" loading=\"eager\"><\/span><span class=\"fg-image-overlay\"><\/span><\/a><\/figure><div class=\"fg-loader\"><\/div><\/div><div class=\"fg-item fg-type-image fg-idle\"><figure class=\"fg-item-inner\"><a href=\"https:\/\/www.torten-service-tollkuehn.de\/wp-content\/uploads\/2019\/05\/10734148_880234992011230_6463564091091803716_n.jpg\" data-attachment-id=\"240\" data-type=\"image\" class=\"fg-thumb\"><span class=\"fg-image-wrap\"><img fetchpriority=\"high\" decoding=\"async\" width=\"230\" height=\"307\" class=\"skip-lazy fg-image\" data-src-fg=\"https:\/\/www.torten-service-tollkuehn.de\/wp-content\/uploads\/cache\/2019\/05\/10734148_880234992011230_6463564091091803716_n\/1443993299.jpg\" src=\"data:image\/svg+xml,%3Csvg%20xmlns%3D%22http%3A%2F%2Fwww.w3.org%2F2000%2Fsvg%22%20width%3D%22230%22%20height%3D%22307%22%20viewBox%3D%220%200%20230%20307%22%3E%3C%2Fsvg%3E\" loading=\"eager\"><\/span><span class=\"fg-image-overlay\"><\/span><\/a><\/figure><div class=\"fg-loader\"><\/div><\/div><div class=\"fg-item fg-type-image fg-idle\"><figure class=\"fg-item-inner\"><a href=\"https:\/\/www.torten-service-tollkuehn.de\/wp-content\/uploads\/2019\/05\/10916356_957531210948274_70275204628254124_o.jpg\" data-attachment-id=\"241\" data-type=\"image\" class=\"fg-thumb\"><span class=\"fg-image-wrap\"><img decoding=\"async\" width=\"230\" height=\"173\" class=\"skip-lazy fg-image\" data-src-fg=\"https:\/\/www.torten-service-tollkuehn.de\/wp-content\/uploads\/cache\/2019\/05\/10916356_957531210948274_70275204628254124_o\/2332365694.jpg\" src=\"data:image\/svg+xml,%3Csvg%20xmlns%3D%22http%3A%2F%2Fwww.w3.org%2F2000%2Fsvg%22%20width%3D%22230%22%20height%3D%22173%22%20viewBox%3D%220%200%20230%20173%22%3E%3C%2Fsvg%3E\" loading=\"eager\"><\/span><span class=\"fg-image-overlay\"><\/span><\/a><\/figure><div class=\"fg-loader\"><\/div><\/div><div class=\"fg-item fg-type-image fg-idle\"><figure class=\"fg-item-inner\"><a href=\"https:\/\/www.torten-service-tollkuehn.de\/wp-content\/uploads\/2019\/05\/10989972_964120740289321_5250138342965292999_n.jpg\" data-attachment-id=\"242\" data-type=\"image\" class=\"fg-thumb\"><span class=\"fg-image-wrap\"><img decoding=\"async\" width=\"230\" height=\"307\" class=\"skip-lazy fg-image\" data-src-fg=\"https:\/\/www.torten-service-tollkuehn.de\/wp-content\/uploads\/cache\/2019\/05\/10989972_964120740289321_5250138342965292999_n\/2093518626.jpg\" src=\"data:image\/svg+xml,%3Csvg%20xmlns%3D%22http%3A%2F%2Fwww.w3.org%2F2000%2Fsvg%22%20width%3D%22230%22%20height%3D%22307%22%20viewBox%3D%220%200%20230%20307%22%3E%3C%2Fsvg%3E\" loading=\"eager\"><\/span><span class=\"fg-image-overlay\"><\/span><\/a><\/figure><div class=\"fg-loader\"><\/div><\/div><div class=\"fg-item fg-type-image fg-idle\"><figure class=\"fg-item-inner\"><a href=\"https:\/\/www.torten-service-tollkuehn.de\/wp-content\/uploads\/2019\/05\/10993526_957530690948326_4205092237567514408_o.jpg\" data-attachment-id=\"243\" data-type=\"image\" class=\"fg-thumb\"><span class=\"fg-image-wrap\"><img decoding=\"async\" width=\"230\" height=\"173\" class=\"skip-lazy fg-image\" data-src-fg=\"https:\/\/www.torten-service-tollkuehn.de\/wp-content\/uploads\/cache\/2019\/05\/10993526_957530690948326_4205092237567514408_o\/2768065409.jpg\" src=\"data:image\/svg+xml,%3Csvg%20xmlns%3D%22http%3A%2F%2Fwww.w3.org%2F2000%2Fsvg%22%20width%3D%22230%22%20height%3D%22173%22%20viewBox%3D%220%200%20230%20173%22%3E%3C%2Fsvg%3E\" loading=\"eager\"><\/span><span class=\"fg-image-overlay\"><\/span><\/a><\/figure><div class=\"fg-loader\"><\/div><\/div><div class=\"fg-item fg-type-image fg-idle\"><figure class=\"fg-item-inner\"><a href=\"https:\/\/www.torten-service-tollkuehn.de\/wp-content\/uploads\/2019\/05\/11120586_1011254188909309_5498282331071705431_n.jpg\" data-attachment-id=\"244\" data-type=\"image\" class=\"fg-thumb\"><span class=\"fg-image-wrap\"><img decoding=\"async\" width=\"230\" height=\"225\" class=\"skip-lazy fg-image\" data-src-fg=\"https:\/\/www.torten-service-tollkuehn.de\/wp-content\/uploads\/cache\/2019\/05\/11120586_1011254188909309_5498282331071705431_n\/1720604596.jpg\" src=\"data:image\/svg+xml,%3Csvg%20xmlns%3D%22http%3A%2F%2Fwww.w3.org%2F2000%2Fsvg%22%20width%3D%22230%22%20height%3D%22225%22%20viewBox%3D%220%200%20230%20225%22%3E%3C%2Fsvg%3E\" loading=\"eager\"><\/span><span class=\"fg-image-overlay\"><\/span><\/a><\/figure><div class=\"fg-loader\"><\/div><\/div><div class=\"fg-item fg-type-image fg-idle\"><figure class=\"fg-item-inner\"><a href=\"https:\/\/www.torten-service-tollkuehn.de\/wp-content\/uploads\/2019\/05\/19145770_1710235719011149_8859188951064526849_n.jpg\" data-attachment-id=\"245\" data-type=\"image\" class=\"fg-thumb\"><span class=\"fg-image-wrap\"><img decoding=\"async\" width=\"230\" height=\"409\" class=\"skip-lazy fg-image\" data-src-fg=\"https:\/\/www.torten-service-tollkuehn.de\/wp-content\/uploads\/cache\/2019\/05\/19145770_1710235719011149_8859188951064526849_n\/805946950.jpg\" src=\"data:image\/svg+xml,%3Csvg%20xmlns%3D%22http%3A%2F%2Fwww.w3.org%2F2000%2Fsvg%22%20width%3D%22230%22%20height%3D%22409%22%20viewBox%3D%220%200%20230%20409%22%3E%3C%2Fsvg%3E\" loading=\"eager\"><\/span><span class=\"fg-image-overlay\"><\/span><\/a><\/figure><div class=\"fg-loader\"><\/div><\/div><div class=\"fg-item fg-type-image fg-idle\"><figure class=\"fg-item-inner\"><a href=\"https:\/\/www.torten-service-tollkuehn.de\/wp-content\/uploads\/2019\/05\/19148947_1710234652344589_2486548150804153759_n.jpg\" data-attachment-id=\"246\" data-type=\"image\" class=\"fg-thumb\"><span class=\"fg-image-wrap\"><img decoding=\"async\" width=\"230\" height=\"409\" class=\"skip-lazy fg-image\" data-src-fg=\"https:\/\/www.torten-service-tollkuehn.de\/wp-content\/uploads\/cache\/2019\/05\/19148947_1710234652344589_2486548150804153759_n\/3739427339.jpg\" src=\"data:image\/svg+xml,%3Csvg%20xmlns%3D%22http%3A%2F%2Fwww.w3.org%2F2000%2Fsvg%22%20width%3D%22230%22%20height%3D%22409%22%20viewBox%3D%220%200%20230%20409%22%3E%3C%2Fsvg%3E\" loading=\"eager\"><\/span><span class=\"fg-image-overlay\"><\/span><\/a><\/figure><div class=\"fg-loader\"><\/div><\/div><div class=\"fg-item fg-type-image fg-idle\"><figure class=\"fg-item-inner\"><a href=\"https:\/\/www.torten-service-tollkuehn.de\/wp-content\/uploads\/2019\/05\/19221491_1710256919009029_8870893476900899080_o.jpg\" data-attachment-id=\"247\" data-type=\"image\" class=\"fg-thumb\"><span class=\"fg-image-wrap\"><img decoding=\"async\" width=\"230\" height=\"129\" class=\"skip-lazy fg-image\" data-src-fg=\"https:\/\/www.torten-service-tollkuehn.de\/wp-content\/uploads\/cache\/2019\/05\/19221491_1710256919009029_8870893476900899080_o\/2305907389.jpg\" src=\"data:image\/svg+xml,%3Csvg%20xmlns%3D%22http%3A%2F%2Fwww.w3.org%2F2000%2Fsvg%22%20width%3D%22230%22%20height%3D%22129%22%20viewBox%3D%220%200%20230%20129%22%3E%3C%2Fsvg%3E\" loading=\"eager\"><\/span><span class=\"fg-image-overlay\"><\/span><\/a><\/figure><div class=\"fg-loader\"><\/div><\/div><div class=\"fg-item fg-type-image fg-idle\"><figure class=\"fg-item-inner\"><a href=\"https:\/\/www.torten-service-tollkuehn.de\/wp-content\/uploads\/2019\/05\/19224863_1710244059010315_4711114245267938443_n.jpg\" data-attachment-id=\"248\" data-type=\"image\" class=\"fg-thumb\"><span class=\"fg-image-wrap\"><img decoding=\"async\" width=\"230\" height=\"409\" class=\"skip-lazy fg-image\" data-src-fg=\"https:\/\/www.torten-service-tollkuehn.de\/wp-content\/uploads\/cache\/2019\/05\/19224863_1710244059010315_4711114245267938443_n\/3166234137.jpg\" src=\"data:image\/svg+xml,%3Csvg%20xmlns%3D%22http%3A%2F%2Fwww.w3.org%2F2000%2Fsvg%22%20width%3D%22230%22%20height%3D%22409%22%20viewBox%3D%220%200%20230%20409%22%3E%3C%2Fsvg%3E\" loading=\"eager\"><\/span><span class=\"fg-image-overlay\"><\/span><\/a><\/figure><div class=\"fg-loader\"><\/div><\/div><div class=\"fg-item fg-type-image fg-idle\"><figure class=\"fg-item-inner\"><a href=\"https:\/\/www.torten-service-tollkuehn.de\/wp-content\/uploads\/2019\/05\/19225175_1710243992343655_286581037052191121_n.jpg\" data-attachment-id=\"249\" data-type=\"image\" class=\"fg-thumb\"><span class=\"fg-image-wrap\"><img decoding=\"async\" width=\"230\" height=\"409\" class=\"skip-lazy fg-image\" data-src-fg=\"https:\/\/www.torten-service-tollkuehn.de\/wp-content\/uploads\/cache\/2019\/05\/19225175_1710243992343655_286581037052191121_n\/1360772685.jpg\" src=\"data:image\/svg+xml,%3Csvg%20xmlns%3D%22http%3A%2F%2Fwww.w3.org%2F2000%2Fsvg%22%20width%3D%22230%22%20height%3D%22409%22%20viewBox%3D%220%200%20230%20409%22%3E%3C%2Fsvg%3E\" loading=\"eager\"><\/span><span class=\"fg-image-overlay\"><\/span><\/a><\/figure><div class=\"fg-loader\"><\/div><\/div><div class=\"fg-item fg-type-image fg-idle\"><figure class=\"fg-item-inner\"><a href=\"https:\/\/www.torten-service-tollkuehn.de\/wp-content\/uploads\/2019\/05\/19225573_1710235489011172_6229005374648501096_n.jpg\" data-attachment-id=\"250\" data-type=\"image\" class=\"fg-thumb\"><span class=\"fg-image-wrap\"><img decoding=\"async\" width=\"230\" height=\"409\" class=\"skip-lazy fg-image\" data-src-fg=\"https:\/\/www.torten-service-tollkuehn.de\/wp-content\/uploads\/cache\/2019\/05\/19225573_1710235489011172_6229005374648501096_n\/371559197.jpg\" src=\"data:image\/svg+xml,%3Csvg%20xmlns%3D%22http%3A%2F%2Fwww.w3.org%2F2000%2Fsvg%22%20width%3D%22230%22%20height%3D%22409%22%20viewBox%3D%220%200%20230%20409%22%3E%3C%2Fsvg%3E\" loading=\"eager\"><\/span><span class=\"fg-image-overlay\"><\/span><\/a><\/figure><div class=\"fg-loader\"><\/div><\/div><div class=\"fg-item fg-type-image fg-idle\"><figure class=\"fg-item-inner\"><a href=\"https:\/\/www.torten-service-tollkuehn.de\/wp-content\/uploads\/2019\/05\/20476164_1768060169895370_903341902061732941_n-2.jpg\" data-attachment-id=\"251\" data-type=\"image\" class=\"fg-thumb\"><span class=\"fg-image-wrap\"><img decoding=\"async\" width=\"230\" height=\"409\" class=\"skip-lazy fg-image\" data-src-fg=\"https:\/\/www.torten-service-tollkuehn.de\/wp-content\/uploads\/cache\/2019\/05\/20476164_1768060169895370_903341902061732941_n-2\/1334983531.jpg\" src=\"data:image\/svg+xml,%3Csvg%20xmlns%3D%22http%3A%2F%2Fwww.w3.org%2F2000%2Fsvg%22%20width%3D%22230%22%20height%3D%22409%22%20viewBox%3D%220%200%20230%20409%22%3E%3C%2Fsvg%3E\" loading=\"eager\"><\/span><span class=\"fg-image-overlay\"><\/span><\/a><\/figure><div class=\"fg-loader\"><\/div><\/div><div class=\"fg-item fg-type-image fg-idle\"><figure class=\"fg-item-inner\"><a href=\"https:\/\/www.torten-service-tollkuehn.de\/wp-content\/uploads\/2019\/05\/20914620_1796512797050107_6268820449069427382_n-1.jpg\" data-attachment-id=\"252\" data-type=\"image\" class=\"fg-thumb\"><span class=\"fg-image-wrap\"><img decoding=\"async\" width=\"230\" height=\"409\" class=\"skip-lazy fg-image\" data-src-fg=\"https:\/\/www.torten-service-tollkuehn.de\/wp-content\/uploads\/cache\/2019\/05\/20914620_1796512797050107_6268820449069427382_n-1\/1849616079.jpg\" src=\"data:image\/svg+xml,%3Csvg%20xmlns%3D%22http%3A%2F%2Fwww.w3.org%2F2000%2Fsvg%22%20width%3D%22230%22%20height%3D%22409%22%20viewBox%3D%220%200%20230%20409%22%3E%3C%2Fsvg%3E\" loading=\"eager\"><\/span><span class=\"fg-image-overlay\"><\/span><\/a><\/figure><div class=\"fg-loader\"><\/div><\/div><div class=\"fg-item fg-type-image fg-idle\"><figure class=\"fg-item-inner\"><a href=\"https:\/\/www.torten-service-tollkuehn.de\/wp-content\/uploads\/2019\/05\/26229857_1976950662339652_5009768894170773131_n.jpg\" data-attachment-id=\"253\" data-type=\"image\" class=\"fg-thumb\"><span class=\"fg-image-wrap\"><img decoding=\"async\" width=\"230\" height=\"409\" class=\"skip-lazy fg-image\" data-src-fg=\"https:\/\/www.torten-service-tollkuehn.de\/wp-content\/uploads\/cache\/2019\/05\/26229857_1976950662339652_5009768894170773131_n\/547918780.jpg\" src=\"data:image\/svg+xml,%3Csvg%20xmlns%3D%22http%3A%2F%2Fwww.w3.org%2F2000%2Fsvg%22%20width%3D%22230%22%20height%3D%22409%22%20viewBox%3D%220%200%20230%20409%22%3E%3C%2Fsvg%3E\" loading=\"eager\"><\/span><span class=\"fg-image-overlay\"><\/span><\/a><\/figure><div class=\"fg-loader\"><\/div><\/div><\/div>\t\t\t\t<\/div>\n\t\t\t\t<\/div>\n\t\t\t\t\t<\/div>\n\t\t<\/div>\n\t\t\t\t\t<\/div>\n\t\t<\/section>\n\t\t\t\t<\/div>\n\t\t","protected":false},"excerpt":{"rendered":"<p>Der Hingucker auf jeder Feier \u2013 unsere dreidimensional gestalteten K\u00f6stlichkeiten. Ob s\u00fc\u00dfe Autos oder fruchtige Tiermotive, der Fantasie sind hier keine Grenzen [&hellip;]<\/p>\n","protected":false},"author":1,"featured_media":0,"parent":0,"menu_order":0,"comment_status":"closed","ping_status":"closed","template":"page-templates\/page_fullwidth.php","meta":{"footnotes":""},"class_list":["post-123","page","type-page","status-publish","hentry"],"_links":{"self":[{"href":"https:\/\/www.torten-service-tollkuehn.de\/index.php?rest_route=\/wp\/v2\/pages\/123","targetHints":{"allow":["GET"]}}],"collection":[{"href":"https:\/\/www.torten-service-tollkuehn.de\/index.php?rest_route=\/wp\/v2\/pages"}],"about":[{"href":"https:\/\/www.torten-service-tollkuehn.de\/index.php?rest_route=\/wp\/v2\/types\/page"}],"author":[{"embeddable":true,"href":"https:\/\/www.torten-service-tollkuehn.de\/index.php?rest_route=\/wp\/v2\/users\/1"}],"replies":[{"embeddable":true,"href":"https:\/\/www.torten-service-tollkuehn.de\/index.php?rest_route=%2Fwp%2Fv2%2Fcomments&post=123"}],"version-history":[{"count":3,"href":"https:\/\/www.torten-service-tollkuehn.de\/index.php?rest_route=\/wp\/v2\/pages\/123\/revisions"}],"predecessor-version":[{"id":324,"href":"https:\/\/www.torten-service-tollkuehn.de\/index.php?rest_route=\/wp\/v2\/pages\/123\/revisions\/324"}],"wp:attachment":[{"href":"https:\/\/www.torten-service-tollkuehn.de\/index.php?rest_route=%2Fwp%2Fv2%2Fmedia&parent=123"}],"curies":[{"name":"wp","href":"https:\/\/api.w.org\/{rel}","templated":true}]}}